n base 3?
-12200022000001
Convert -17187 (base 9) to base 3.
-121012221
What is c0275 (base 14) in base 7?
3631305
-503301 (base 11) to base 8
-3055214
-197123 (base 15) to base 11
-776878
What is -515213 (base 6) in base 9?
-62630
What is -13203000 (base 4) in base 16?
-78c0
424742 (base 8) to base 4
202213202
Convert -110220110012 (base 3) to base 7.
-2105405
What is -11ba9 (base 12) in base 7?
-130326
22565 (base 13) to base 11
42a08
a72678 (base 11) to base 6
100442342
16548b (base 12) to base 10
382571
bbb5b (base 13) to base 11
21271a
Convert 202233500 (base 6) to base 5.
1342112222
Convert -103852 (base 12) to base 5.
-31131410
-70072a (base 11) to base 12
-464ab8
What is 2501953 (base 11) in base 8?
20461607
-1101001110100110011 (base 2) to base 4
-1221310303
What is -243663 (base 11) in base 7?
-3163526
Convert 11453202 (base 6) to base 4.
1121011202
19a5a7 (base 11) to base 2
1001010111010100100
Convert -33c282 (base 14) to base 9.
-3275188
What is -a6760 (base 15) in base 2?
-10000000111100100101
Convert -11021100110111 (base 3) to base 8.
-10522353
2656534 (base 10) to base 11
1554991
What is 3331212 (base 6) in base 8?
507070
What is -11102011110 (base 3) in base 7?
-511161
What is 2047043 (base 8) in base 4?
2010320203
What is -1cd81a (base 16) in base 6?
-104303310
-12263357 (base 8) to base 10
-2713327
What is 66158 (base 10) in base 2?
10000001001101110
What is 44349 (base 15) in base 14?
58dba
What is 21302300000 (base 4) in base 13?
6bb646
-8748534 (base 9) to base 11
-2719239
What is 4107b (base 16) in base 12?
10a18b
Convert -2010112102 (base 3) to base 14.
-113dc
-ee718 (base 15) to base 13
-206aaa
What is d276d5 (base 15) in base 13?
20c0b70
What is cc88c (base 13) in base 11?
233457
What is -110011221120112 (base 3) in base 10?
-6474668
What is -11001001101101011001 (base 2) in base 13?
-22c09c
Convert 3678500 (base 9) to base 7.
23002116
32388a (base 13) to base 6
41134334
-973439 (base 10) to base 5
-222122224
What is 4661244 (base 7) in base 8?
2171115
Convert 30618 (base 11) to base 10.
44668
What is -11f637 (base 16) in base 3?
-2012210201220
What is 1000111000000110101110 (base 2) in base 3?
11101012222122
-102032232 (base 4) to base 13
-27cab
Convert 7060061 (base 10) to base 11.
3a92368
4624034 (base 7) to base 11
364a95
What is -141422410 (base 6) in base 16?
-2bf326
Convert -2201401020 (base 5) to base 9.
-8776723
-1503045 (base 6) to base 2
-10101000011000101
What is 100313320031 (base 4) in base 10?
4423181
-240010032 (base 5) to base 4
-10023023320
What is 436a5 (base 14) in base 11?
10169a
What is 2304e (base 15) in base 14?
2c889
What is 11102212223 (base 4) in base 16?
1529ab
Convert 337157 (base 9) to base 12.
98b2a
What is 697755 (base 10) in base 8?
2522633
What is -1000111101101110 (base 2) in base 4?
-20331232
What is -35052531 (base 9) in base 8?
-101002650
Convert 5703 (base 11) to base 5.
220010
-4b337 (base 14) to base 2
-101101000010100101
142241120 (base 5) to base 3
1101202121002
What is -151142 (base 11) in base 12?
-b4522
What is -213002232 (base 4) in base 11?
-aa170
-21001301 (base 5) to base 7
-1314452
What is 1510610 (base 9) in base 14?
179bb0
2b3c7 (base 13) to base 16
14027
What is 2002201012102 (base 3) in base 12?
459b85
What is 201311232 (base 4) in base 11?
95156
Convert 7853b (base 13) to base 6.
4403034
-40940 (base 10) to base 2
-1001111111101100
What is 200011011020 (base 3) in base 15?
70d19
Convert -26349 (base 14) to base 6.
-2002541
10401141 (base 5) to base 2
10110001010101100
151159 (base 13) to base 7
4250641
2dc98 (base 15) to base 12
71768
Convert 315513 (base 12) to base 6.
24351223
Convert -5603a92 (base 11) to base 9.
-20441372
817511 (base 9) to base 7
4055311
-254475 (base 11) to base 14
-a62cd
152de (base 15) to base 16
10a3f
What is 362075 (base 8) in base 6?
2353525
-1140024341 (base 5) to base 3
-12000001020000
Convert -52e9d (base 15) to base 14.
-6bca1
7362110 (base 8) to base 9
3615188
726210 (base 10) to base 8
2612302
Convert -882cb8 (base 13) to base 2.
-1100001110100100011101
What is 40416 (base 9) in base 7?
140334
What is 168b3 (base 16) in base 15?
1c55e
What is 576dc2 (base 14) in base 12?
bb6b12
23221663 (base 7) to base 11
1173036
What is 198ef8 (base 16) in base 3?
10011002200001
What is -a48cdc (base 15) in base 16?
-776aed
Convert -112141420 (base 5) to base 6.
-14501540
Convert 14345 (base 12) to base 11.
1a156
-300308 (base 13) to base 12
-458aa2
210a08 (base 14) to base 3
2002200220112
What is -334e8 (base 16) in base 12?
-a1748
-2a0a4 (base 11) to base 6
-525414
-22101220100210 (base 3) to base 2
-10001000010010111000110
What is 7cc67 (base 14) in base 12?
12810b
-29672 (base 14) to base 9
-166016
-764c38 (base 16) to base 15
-a321aa
Convert -469925 (base 15) to base 4.
-30313221311
-10808 (base 9) to base 16
-1c31
What is -2322473 (base 8) in base 12?
-26598b
What is -201656 (base 10) in base 7?
-1466630
What is -8244 (base 13) in base 14?
-6798
What is 3531450 (base 7) in base 2?
1101100100101010111
Convert 4d1fa (base 16) to base 14.
831a2
-1965d08 (base 14) to base 16
-c08414
4626233 (base 8) to base 15
19c4d8
13711130 (base 8) to base 3
12212101121202
Convert 1603204 (base 11) to base 6.
134434534
What is 200331101 (base 4) in base 13?
495a1
Convert -5132215 (base 6) to base 14.
-6564b
110211311 (base 5) to base 14
c559d
286322 (base 11) to base 8
1552163
Convert 101661 (base 11) to base 8.
476547
Convert -21110451 (base 6) to base 5.
-124201100
272867 (base 9) to base 6
3321224
-113230100200 (base 4) to base 15
-82a297
Convert -994404 (base 10) to base 2.
-11110010110001100100
What is 1110101101100011011 (base 2) in base 5?
110411300
Convert -30a56 (base 16) to base 3.
-101010022210
b4c9 (base 16) to base 3
2100111010
Convert -114040143 (base 5) to base 10.
-533798
Convert 528828 (base 9) to base 5.
40033443
2c01c1 (base 14) to base 12
621579
Convert -407a37 (base 14) to base 2.
-1000010010011001100001
What is 100110110111100111 (base 2) in base 3?
22002101120
Convert -221022132 (base 4) to base 13.
-5b989
What is -1301332213 (base 5) in base 14?
-5c0a7d
22101222201020 (base 3) to base 9
8358636
Convert 2210100020112 (base 3) to base 6.
51441322
Convert -7b65 (base 16) to base 9.
-47288
8603248 (base 9) to base 5
2134430330
834922 (base 11) to base 5
320320033
2053014 (base 6) to base 11
69519
What is -424a8b (base 13) in base 9?
-2826140
Convert 100011010001100001010 (base 2) to base 12.
478a8a
What is -2188632 (base 11) in base 8?
-16475606
-525454 (base 6) to base 10
-42730
Convert -477594 (base 11) to base 8.
-2705754
Convert 5873006 (base 10) to base 9.
12041222
What is 2133320 (base 5) in base 16?
8f66
-2444107 (base 10) to base 5
-1111202412
Convert 11011001101101001101 (base 2) to base 5.
212013400
What is 211110211000 (base 3) in base 16?
6c000
-1665343 (base 7) to base 10
-234790
Convert 420154435 (base 6) to base 14.
d7c051
Convert 1380ba0 (base 13) to base 6.
340134113
11001111010111011 (base 2) to base 14
2a999
What is 462536 (base 8) in base 13?
56618
What is -2b0b (base 15) in base 7?
-35633
-2735522 (base 8) to base 14
-16029c
What is 10110001100001001000 (base 2) in base 10?
727112
What is -186428 (base 10) in base 7?
-1404344
What is -148b47 (base 13) in base 9?
-848685
Convert -103313220 (base 4) to base 6.
-1424440
What is 609c (base 16) in base 8?
60234
Convert 780246 (base 9) to base 12.
1a5843
10203033220 (base 4) to base 11
7452a8
What is -14f23 (base 16) in base 6?
-1501111
295653 (base 14) to base 9
2628276
5443545 (base 6) to base 2
1000010000001011001
Convert -16ab98 (base 12) to base 16.
-5fc24
-33030021011 (base 4) to base 5
-2004410033
b478 (base 15) to base 13
14489
What is -51121353 (base 6) in base 10?
-1457061
Convert 34544246 (base 7) to base 4.
23211103100
What is 35893 (base 14) in base 12?
63749
What is -13041011212 (base 5) in base 7?
-252414631
What is -192a02 (base 13) in base 8?
-2327074
7743955 (base 10) to base 4
131202213103
4ba16 (base 15) to base 3
110021211010
What is -9298a47 (base 11) in base 2?
-111110100110010011100101
-1381458 (base 9) to base 11
-480703
What is 4252430 (base 6) in base 13?
74322
What is 322526 (base 7) in base 16?
db6e
Convert -1119586 (base 11) to base 5.
